y - q, 0 = -3*y - 5*s + 47. List the prime factors of y.
3
Suppose 125 = 5*p - 5*c, -2*p + 73 = p - 2*c. Suppose -54 = 4*m - l, 2*l + 15 + 3 = -m. Let t = m + p. What are the prime factors of t?
3
Suppose 5*u - 6 = -4*z, -5*u - 3*z + 7 = -0*z. Suppose -2*d + 36 = -u*y, -5*y = -0*y. What are the prime factors of d?
2, 3
Suppose -5*u + 2*p + 20 = -0*p, -5*u = 2*p - 20. Suppose 14 = -3*l + u*l. List the prime factors of l.
2, 7
Suppose 3*z + 5*w - 146 = 132, z - 2*w = 78. What are the prime factors of z?
2, 43
Suppose 7*m = 2*m + 625. Suppose 0 = 6*t - t - m. List the prime factors of t.
5
Suppose 2*a + 0 - 4 = 0. Suppose -s - a*s = -48. What are the prime factors of s?
2
Suppose 58 + 53 = u. Let b = u + -64. List the prime factors of b.
47
Suppose -4*b - 4*n = 52, -5*b + n + 3*n = 65. Let r = b - -24. What are the prime factors of r?
11
Let p = -206 + 331. What are the prime factors of p?
5
Let r be (-1)/(-4) - (-7)/(-28). Let n(q) = q**3 - q**2 + q + 16. List the prime factors of n(r).
2
Suppose 0 = 4*j + 5*t + 19, t - 26 = 5*j + 5. What are the prime factors of (-10 - -1)*(5 + j)?
3
Let d(p) be the first derivative of -p**2/2 + 7*p - 3. What are the prime factors of d(0)?
7
List the prime factors of (17 - 7)*(-10)/(-4).
5
Suppose -y = -3*y + 40. What are the prime factors of y?
2, 5
Let r be -34 - (2 + 3 + -2). Let f = -20 - r. List the prime factors of f.
17
Suppose h = 1 + 4. Let g(r) = 3*r - 9. List the prime factors of g(h).
2, 3
Let k be -3*(3 + -2) - -23. Suppose 4*v = -v - k, m + 3*v - 3 = 0. List the prime factors of m.
3, 5
Let g(z) = 2*z**2 + 15*z + 14. List the prime factors of g(-11).
7, 13
Let b = 22 - 86. Let d = 100 + b. List the prime factors of d.
2, 3
Suppose 3*q + 4*x - 5 = 2*x, 3*q - 5*x - 19 = 0. Let y = -7 - -11. Suppose 2*r + 2*r + 6 = -q*j, 0 = -y*r - 12. List the prime factors of j.
2
Let g be 4 - (-1 + 2 - 0). Suppose g*v + 4*l = -2*v + 22, -3*v = 5*l - 21. Suppose z + v = 0, 3*j - 4*z - 26 = -0*z. List the prime factors of j.
2, 3
Let z(r) = r**3 + 7*r**2 + 4*r - 8. Let u be z(-6). Suppose 2*a = 2, -s - s - a + 9 = 0. Suppose u*o = s + 8. List the prime factors of o.
3
Suppose 520 = 69*s - 64*s. List the prime factors of s.
2, 13
List the prime factors of (-368)/(-3) - 8/36*3.
2, 61
Suppose -3*t + 20 = t. Suppose -t*r + 46 = -19. What are the prime factors of r?
13
Suppose -3*a + 108 = -0*a. List the prime factors of a.
2, 3
Let a = -22 + 43. List the prime factors of a.
3, 7
Let z(c) = c - 1. Let v(g) = -2*g - 16. Let j(b) = v(b) - 12*z(b). Let u be j(-3). Suppose 0 = 3*n - n + 4*t - u, 0 = -4*t + 16. List the prime factors of n.
11
Let z(k) = -k**2 - 9*k - 4. List the prime factors of z(-8).
2
Suppose 0 = -h + 3, 2 + 6 = 4*u - 4*h. Suppose 0*x - 2*x = -2*q + 8, -10 = u*q + 5*x. Let a(b) = 8*b**3 - 1. What are the prime factors of a(q)?
7
Suppose 4*f = 4*q + q + 19, -q = 2*f - 27. List the prime factors of f.
11
Let t(s) = -s**2 - 7*s - 1. Let a be t(-6). Suppose -64 = -a*g + 96. What are the prime factors of g?
2
Let c be -2*(0 + (-2 - 2)). Let k = c - 14. Let s = 9 + k. List the prime factors of s.
3
Let p = -2 - -6. Let i = p + -1. Suppose b = -3*z - 11 + 42, -i*b = 15. List the prime factors of z.
2, 3
Suppose 5*r + 3*k - 93 = 0, 25 = r + 5*k + 2. List the prime factors of r.
2, 3
Suppose -2 - 1 = -d. Suppose -20 = d*l - 5*l. What are the prime factors of l?
2, 5
Let x(k) = -k**2 - 20*k - 8. What are the prime factors of x(-19)?
11
Let r(j) = -16*j + 2. Let o be r(-3). Suppose -4*c = 11 - 27. Suppose c*p - o = 2*u, -5*u - 14 = -4*p + 39. List the prime factors of p.
2, 3
Suppose -5*d - 127 = -u, 0*u = 5*d - 2*u + 129. Let y = 44 + -9. Let z = d + y. What are the prime factors of z?
2, 5
Suppose 0 = 4*i - 3*n - 6, -2 = -3*i - 0*n + n. Suppose 4*a = 3*d - i + 5, -5*a + 5*d + 10 = 0. Let y = 5 - a. What are the prime factors of y?
2, 3
List the prime factors of 4 + 192/3 + 3.
71
Suppose -2*a + 83 = a + 4*m, -3*m - 44 = -2*a. What are the prime factors of a?
5
Let j(x) = 15*x**3 - 2*x - 1. Let c be j(-1). List the prime factors of (-141)/(-21) - 4/c.
7
Let a(u) be the third derivative of -u**5/60 + u**4/6 + u**2. List the prime factors of a(3).
3
Let q(a) be the first derivative of a**2 + 6*a + 3. What are the prime factors of q(7)?
2, 5
Let j be (3*-1)/((-2)/2). Suppose 3*k + 2*c + 5 = 21, j*c - 21 = -4*k. List the prime factors of (-9)/k*20/(-6).
5
Let i(n) = n**2 + 5*n + 3. Let u be i(-5). Suppose f - 6*f + 39 = h, -f + u = -h. Let a(q) = q**2 - 6*q + 3. What are the prime factors of a(f)?
2, 5
Suppose 4*n + w - 6 = 2*w, n - 10 = -4*w. Suppose n*a - 3*a - 4*s + 10 = 0, -98 = -5*a + 4*s. List the prime factors of a.
2, 3
Let r be (-2 - -2)*(3 + -2). Let o = 6 - r. List the prime factors of 28/6 + (-4)/o.
2
Let j(m) = 3*m**2 - m + 3. Let w(f) = -f**3 + 4*f**2 - 5*f + 4. Let t be w(3). List the prime factors of j(t).
17
Suppose -y = 4*m - 39, -3*m = -4*y - 2*m + 241. Let d = y - 17. List the prime factors of d.
2, 3, 7
Suppose 6*b = 4*b. Suppose b = -5*p + 11 + 29. List the prime factors of p.
2
Let n = -15 - -47. Suppose n = 6*t - 4*t. What are the prime factors of t?
2
Let b be 58/7 - 6/21. Let n = -6 + b. List the prime factors of n.
2
Let m = -15 + 26. Let u = m - 1. What are the prime factors of u?
2, 5
Let c(s) = -5*s - 3. Let y(a) = 14*a + 10. Let z(m) = -11*c(m) - 4*y(m). Let i be z(-7). Let t = i + 9. List the prime factors of t.
3
Let p(z) be the second derivative of -7/2*z**2 + 7/6*z**3 - z - 1/12*z**4 + 0. List the prime factors of p(5).
3
Let n(v) be the first derivative of -v**3/3 + 3*v**2 + 5*v + 1. List the prime factors of n(5).
2, 5
Let s = -8 - -12. Let m be 17/s + 1/(-4). Suppose 2*u - 2 = -x, -3*x = 2*u - m*u - 14. What are the prime factors of x?
2
Suppose t = 1 + 4. Suppose 2*c - 8 = -0*c, -l - 3*c = -t. Let i = -3 - l. What are the prime factors of i?
2
Suppose -4*x + 33 = s, 4*x = 2*s - 11 - 19. Let g be ((-28)/s)/((-1)/6). Let h = g + 9. List the prime factors of h.
17
Suppose 3*l - 4*z - 91 = 0, 5*l - l + 3*z = 138. List the prime factors of l.
3, 11
Let w(y) = y**2 + y + 2. Let i be w(-2). Suppose 5*k = i*o + 31, 0 = 2*k - 3*k - 3*o - 9. List the prime factors of (-1)/(k + -2)*-9.
3
Let i = 3 - 1. Let g(f) = 2 - 3*f - 5 + f**i + 5*f. List the prime factors of g(2).
5
List the prime factors of 2 + 0 + (-2 - -6 - -4).
2, 5
Suppose 5*p - 16 - 9 = 0. Suppose 0 = 5*b - 3*k - 47 - 38, 2*k - 60 = -p*b. What are the prime factors of b?
2, 7
Let z = 0 + 14. Suppose 0 = 5*r + 4*p - 37, p - z + 61 = 5*r. List the prime factors of r.
3
Let u be (-1 - (-8)/6)*3. Let s(w) = u - 5*w + 2 + 4*w. List the prime factors of s(-5).
2
Let y(f) be the first derivative of 10*f**3 + f - 7. List the prime factors of y(-1).
31
Let z = 7 + -2. Let r be 10/4*6/z. Suppose -b + 60 = r*b. List the prime factors of b.
3, 5
Let i(r) = -r**2 + 4*r + 5. Let c(v) = v**2 + v + 5. Let h be c(0). Let j be i(h). Suppose -4*n + 9 + 3 = j. What are the prime factors of n?
3
Let t be 2/(2 + 0 + -4). Let n be 2 - (0 - (t + 1)). List the prime factors of -2 + 2 + 20/n.
2, 5
Suppose 4 + 2 = 3*s. Let k be (1/(-2))/(s/(-36)). Let o = 13 - k. What are the prime factors of o?
2
Let d(b) = 14*b**2 + b. Let n be d(-2). Suppose 3*p = 4*m - 104, -p + 0*p - n = -2*m. List the prime factors of m.
29
Suppose -2*t + t + 5 = 2*q, 2*t = q + 5. What are the prime factors of t?
3
Suppose -8*x = -1656 - 664. List the prime factors of x.
2, 5, 29
Suppose -3*j - 8 = -4*j. List the prime factors of j.
2
Let d(i) = -i**2 + i. Let b be d(1). Suppose -3*y + 53 = 5*k + y, -4*k + y + 34 = b. List the prime factors of k.
3
Let x = 3 - -38. List the prime factors of x.
41
Let m = 11 - 2. What are the prime factors of (7/(-3) + 3)*m?
2, 3
Let s be ((-8)/3 - -2)*-3. Suppose -2*p + 52 = s*p. List the prime factors of p.
13
Suppose 3*d + 22 = -8. Let b = 23 + d. List the prime factors of b.
13
Let k be (4/(-5))/(6/90). What are the prime factors of (1 - 2)*(k + -1)?
13
Let v be (-4)/(-6)*(12 - 15). What are the prime factors of v/3 + (-64)/(-24)?
2
Suppose 4*n - 12 = 8*n. List the prime factors of (-21)/n - (-1 - 2).
2, 5
Let t(k) = 5*k**2 - 3. Let j(o) = o**2 - o + 3. Let h(r) = r - 3. Let m(n) = -7*h(n) - 6*j(n). Let a(v) = 4*m(v) + 5*t(v). List the prime fa